{"id":634,"date":"2023-04-26T12:11:49","date_gmt":"2023-04-26T10:11:49","guid":{"rendered":"https:\/\/chatteriedelareine.fr\/?page_id=634"},"modified":"2024-05-23T22:24:11","modified_gmt":"2024-05-23T20:24:11","slug":"ubert","status":"publish","type":"page","link":"https:\/\/chatteriedelareine.fr\/index.php\/ubert\/","title":{"rendered":"Ubert"},"content":{"rendered":"\n<p>Bonjour,<\/p>\n\n\n\n<p>Nous vous pr\u00e9sentons Ubert, n\u00e9 le 2 avril 2023 du mariage entre Phili et Th\u00e9odora.<\/p>\n\n\n\n<p>Sa robe est chocolat tabby et c&rsquo;est le dernier n\u00e9 de notre premi\u00e8re port\u00e9e de chatons. C&rsquo;est aussi l&rsquo;un des plus dynamique et le plus amusant de nos chatons.<\/p>\n\n\n\n<h2 class=\"wp-block-heading\">Status: \nvendu<br><\/h2>\n\n\n\n<h2 class=\"wp-block-heading\">Date de d\u00e9part pr\u00e9visionnelle: 10 &#8211; 15 juin<\/h2>\n\n\n\n<p>Voici quelques-unes de ses premi\u00e8res photos.<\/p>\n\n\n\n<p>les 3 derni\u00e8res photos ont \u00e9t\u00e9 ajout\u00e9es mi octobre, Ubert a bient\u00f4t 7 mois et ressemble fortement \u00e0 son papa tout en \u00e9tant plus fonc\u00e9.<\/p>\n\n\n\n<figure class=\"wp-block-gallery has-nested-images columns-default is-cropped wp-block-gallery-1 is-layout-flex wp-block-gallery-is-layout-flex\">\n<figure class=\"wp-block-image size-large\"><a href=\"https:\/\/chatteriedelareine.fr\/wp-content\/uploads\/2023\/04\/ubert_IMG_3184.jpg\"><img loading=\"lazy\" decoding=\"async\" width=\"883\" height=\"1024\" data-id=\"654\" src=\"https:\/\/chatteriedelareine.fr\/wp-content\/uploads\/2023\/04\/ubert_IMG_3184-883x1024.jpg\" alt=\"\" class=\"wp-image-654\" srcset=\"https:\/\/chatteriedelareine.fr\/wp-content\/uploads\/2023\/04\/ubert_IMG_3184-883x1024.jpg 883w, https:\/\/chatteriedelareine.fr\/wp-content\/uploads\/2023\/04\/ubert_IMG_3184-259x300.jpg 259w, https:\/\/chatteriedelareine.fr\/wp-content\/uploads\/2023\/04\/ubert_IMG_3184-768x890.jpg 768w, https:\/\/chatteriedelareine.fr\/wp-content\/uploads\/2023\/04\/ubert_IMG_3184-1325x1536.jpg 1325w, https:\/\/chatteriedelareine.fr\/wp-content\/uploads\/2023\/04\/ubert_IMG_3184-1767x2048.jpg 1767w\" sizes=\"auto, (max-width: 883px) 100vw, 883px\" \/><\/a><\/figure>\n\n\n\n<figure class=\"wp-block-image size-large\"><a href=\"https:\/\/chatteriedelareine.fr\/wp-content\/uploads\/2023\/04\/ugo_IMG_3254-scaled.jpg\"><img loading=\"lazy\" decoding=\"async\" width=\"768\" height=\"1024\" data-id=\"684\" src=\"https:\/\/chatteriedelareine.fr\/wp-content\/uploads\/2023\/04\/ugo_IMG_3254-768x1024.jpg\" alt=\"\" class=\"wp-image-684\" srcset=\"https:\/\/chatteriedelareine.fr\/wp-content\/uploads\/2023\/04\/ugo_IMG_3254-768x1024.jpg 768w, https:\/\/chatteriedelareine.fr\/wp-content\/uploads\/2023\/04\/ugo_IMG_3254-225x300.jpg 225w, https:\/\/chatteriedelareine.fr\/wp-content\/uploads\/2023\/04\/ugo_IMG_3254-1152x1536.jpg 1152w, https:\/\/chatteriedelareine.fr\/wp-content\/uploads\/2023\/04\/ugo_IMG_3254-1536x2048.jpg 1536w, https:\/\/chatteriedelareine.fr\/wp-content\/uploads\/2023\/04\/ugo_IMG_3254-scaled.jpg 1920w\" sizes=\"auto, (max-width: 768px) 100vw, 768px\" \/><\/a><\/figure>\n\n\n\n<figure class=\"wp-block-image size-large\"><a href=\"https:\/\/chatteriedelareine.fr\/wp-content\/uploads\/2023\/04\/ubert_IMG_3191-scaled.jpg\"><img loading=\"lazy\" decoding=\"async\" width=\"739\" height=\"1024\" data-id=\"653\" src=\"https:\/\/chatteriedelareine.fr\/wp-content\/uploads\/2023\/04\/ubert_IMG_3191-739x1024.jpg\" alt=\"\" class=\"wp-image-653\" srcset=\"https:\/\/chatteriedelareine.fr\/wp-content\/uploads\/2023\/04\/ubert_IMG_3191-739x1024.jpg 739w, https:\/\/chatteriedelareine.fr\/wp-content\/uploads\/2023\/04\/ubert_IMG_3191-216x300.jpg 216w, https:\/\/chatteriedelareine.fr\/wp-content\/uploads\/2023\/04\/ubert_IMG_3191-768x1064.jpg 768w, https:\/\/chatteriedelareine.fr\/wp-content\/uploads\/2023\/04\/ubert_IMG_3191-1108x1536.jpg 1108w, https:\/\/chatteriedelareine.fr\/wp-content\/uploads\/2023\/04\/ubert_IMG_3191-1478x2048.jpg 1478w, https:\/\/chatteriedelareine.fr\/wp-content\/uploads\/2023\/04\/ubert_IMG_3191-scaled.jpg 1847w\" sizes=\"auto, (max-width: 739px) 100vw, 739px\" \/><\/a><\/figure>\n\n\n\n<figure class=\"wp-block-image size-large\"><a href=\"https:\/\/chatteriedelareine.fr\/wp-content\/uploads\/2023\/10\/af96ea32-65e6-4db3-8579-3261ae156367.jpg\"><img loading=\"lazy\" decoding=\"async\" width=\"768\" height=\"1024\" data-id=\"1216\" src=\"https:\/\/chatteriedelareine.fr\/wp-content\/uploads\/2023\/10\/af96ea32-65e6-4db3-8579-3261ae156367.jpg\" alt=\"\" class=\"wp-image-1216\" srcset=\"https:\/\/chatteriedelareine.fr\/wp-content\/uploads\/2023\/10\/af96ea32-65e6-4db3-8579-3261ae156367.jpg 768w, https:\/\/chatteriedelareine.fr\/wp-content\/uploads\/2023\/10\/af96ea32-65e6-4db3-8579-3261ae156367-225x300.jpg 225w\" sizes=\"auto, (max-width: 768px) 100vw, 768px\" \/><\/a><\/figure>\n\n\n\n<figure class=\"wp-block-image size-large\"><a href=\"https:\/\/chatteriedelareine.fr\/wp-content\/uploads\/2023\/10\/069ae23b-46bf-4529-b6a0-53768e434d81.jpg\"><img loading=\"lazy\" decoding=\"async\" width=\"768\" height=\"1024\" data-id=\"1220\" src=\"https:\/\/chatteriedelareine.fr\/wp-content\/uploads\/2023\/10\/069ae23b-46bf-4529-b6a0-53768e434d81-768x1024.jpg\" alt=\"\" class=\"wp-image-1220\" srcset=\"https:\/\/chatteriedelareine.fr\/wp-content\/uploads\/2023\/10\/069ae23b-46bf-4529-b6a0-53768e434d81-768x1024.jpg 768w, https:\/\/chatteriedelareine.fr\/wp-content\/uploads\/2023\/10\/069ae23b-46bf-4529-b6a0-53768e434d81-225x300.jpg 225w, https:\/\/chatteriedelareine.fr\/wp-content\/uploads\/2023\/10\/069ae23b-46bf-4529-b6a0-53768e434d81-1152x1536.jpg 1152w, https:\/\/chatteriedelareine.fr\/wp-content\/uploads\/2023\/10\/069ae23b-46bf-4529-b6a0-53768e434d81.jpg 1536w\" sizes=\"auto, (max-width: 768px) 100vw, 768px\" \/><\/a><\/figure>\n\n\n\n<figure class=\"wp-block-image size-large\"><a href=\"https:\/\/chatteriedelareine.fr\/wp-content\/uploads\/2023\/10\/c11deffb-d0a9-4c30-a268-cd7e4f03ba7e.jpg\"><img loading=\"lazy\" decoding=\"async\" width=\"768\" height=\"1024\" data-id=\"1219\" src=\"https:\/\/chatteriedelareine.fr\/wp-content\/uploads\/2023\/10\/c11deffb-d0a9-4c30-a268-cd7e4f03ba7e-768x1024.jpg\" alt=\"\" class=\"wp-image-1219\" srcset=\"https:\/\/chatteriedelareine.fr\/wp-content\/uploads\/2023\/10\/c11deffb-d0a9-4c30-a268-cd7e4f03ba7e-768x1024.jpg 768w, https:\/\/chatteriedelareine.fr\/wp-content\/uploads\/2023\/10\/c11deffb-d0a9-4c30-a268-cd7e4f03ba7e-225x300.jpg 225w, https:\/\/chatteriedelareine.fr\/wp-content\/uploads\/2023\/10\/c11deffb-d0a9-4c30-a268-cd7e4f03ba7e-1152x1536.jpg 1152w, https:\/\/chatteriedelareine.fr\/wp-content\/uploads\/2023\/10\/c11deffb-d0a9-4c30-a268-cd7e4f03ba7e.jpg 1536w\" sizes=\"auto, (max-width: 768px) 100vw, 768px\" \/><\/a><\/figure>\n<\/figure>\n\n\n\n<figure class=\"wp-block-embed is-type-video is-provider-youtube wp-block-embed-youtube wp-embed-aspect-16-9 wp-has-aspect-ratio\"><div class=\"wp-block-embed__wrapper\">\n<iframe loading=\"lazy\" title=\"Ubert\" width=\"750\" height=\"422\" src=\"https:\/\/www.youtube.com\/embed\/XUwho4cAd10?feature=oembed\" frameborder=\"0\" allow=\"accelerometer; autoplay; clipboard-write; encrypted-media; gyroscope; picture-in-picture; web-share\" allowfullscreen><\/iframe>\n<\/div><\/figure>\n","protected":false},"excerpt":{"rendered":"<p>Bonjour, Nous vous pr\u00e9sentons Ubert, n\u00e9 le 2 avril 2023 du mariage entre Phili et Th\u00e9odora. Sa robe est chocolat tabby et c&rsquo;est le dernier n\u00e9 de notre premi\u00e8re port\u00e9e de chatons. C&rsquo;est aussi l&rsquo;un des plus dynamique et le plus amusant de nos chatons. Status: Date de d\u00e9part pr\u00e9visionnelle: 10 &#8211; 15 juin Voici quelques-unes de ses premi\u00e8res photos. les 3 derni\u00e8res photos ont \u00e9t\u00e9 ajout\u00e9es mi octobre, Ubert a bient\u00f4t 7 mois et ressemble fortement \u00e0 son papa tout en \u00e9tant plus fonc\u00e9.<\/p>\n","protected":false},"author":1,"featured_media":0,"parent":0,"menu_order":0,"comment_status":"closed","ping_status":"closed","template":"","meta":{"footnotes":""},"class_list":["post-634","page","type-page","status-publish","hentry"],"_links":{"self":[{"href":"https:\/\/chatteriedelareine.fr\/index.php\/wp-json\/wp\/v2\/pages\/634","targetHints":{"allow":["GET"]}}],"collection":[{"href":"https:\/\/chatteriedelareine.fr\/index.php\/wp-json\/wp\/v2\/pages"}],"about":[{"href":"https:\/\/chatteriedelareine.fr\/index.php\/wp-json\/wp\/v2\/types\/page"}],"author":[{"embeddable":true,"href":"https:\/\/chatteriedelareine.fr\/index.php\/wp-json\/wp\/v2\/users\/1"}],"replies":[{"embeddable":true,"href":"https:\/\/chatteriedelareine.fr\/index.php\/wp-json\/wp\/v2\/comments?post=634"}],"version-history":[{"count":5,"href":"https:\/\/chatteriedelareine.fr\/index.php\/wp-json\/wp\/v2\/pages\/634\/revisions"}],"predecessor-version":[{"id":1670,"href":"https:\/\/chatteriedelareine.fr\/index.php\/wp-json\/wp\/v2\/pages\/634\/revisions\/1670"}],"wp:attachment":[{"href":"https:\/\/chatteriedelareine.fr\/index.php\/wp-json\/wp\/v2\/media?parent=634"}],"curies":[{"name":"wp","href":"https:\/\/api.w.org\/{rel}","templated":true}]}}