{"id":526,"date":"2023-04-01T03:56:16","date_gmt":"2023-04-01T01:56:16","guid":{"rendered":"https:\/\/chatteriedelareine.fr\/?page_id=526"},"modified":"2023-04-20T15:16:44","modified_gmt":"2023-04-20T13:16:44","slug":"outils-pour-les-eleveurs","status":"publish","type":"page","link":"https:\/\/chatteriedelareine.fr\/index.php\/outils-pour-les-eleveurs\/","title":{"rendered":"Outils pour les \u00e9leveurs"},"content":{"rendered":"\n\n\n\n\n <\/p>\n\n\n\n<p>Cette page est \u00e0 destinations des \u00e9leveurs qui peuvent cr\u00e9er un compte (gratuit) et se connecter s&rsquo;ils souhaitent pouvoir utiliser les outils mis \u00e0 disposition.<\/p>\n\n\n\n<p>Les outils principaux sont un registre des entr\u00e9es et sorties en ligne, ainsi qu&rsquo;un livret de sant\u00e9 (encore en d\u00e9veloppement).<\/p>\n\n\n\n<p>Un outil de simulation des croisements pour obtenir les probabilit\u00e9s de couleurs pour les chats, ainsi qu&rsquo;un outil de confirmation de lien de parent\u00e9 \u00e0 partir de l&rsquo;identit\u00e9 g\u00e9n\u00e9tique de deux chats sont aussi disponibles.<\/p>\n\n\n\n<p>Pour utiliser ces fonctions il faut \u00eatre enregistr\u00e9 et connect\u00e9.<\/p>\n\n\n\n<p>La cr\u00e9ation de compte et l&rsquo;utilisation de ces fonctions sont absolument gratuites et ne vous engagent \u00e0 rien. Aucun num\u00e9ro de carte ou autre \u00e9l\u00e9ment de paiement ne vous sera demand\u00e9.<\/p>\n\n\n\n<p><a href=\"https:\/\/chatteriedelareine.fr\/index.php\/se-connecter\/\" data-type=\"page\" data-id=\"379\">se connecter<\/a><\/p>\n\n\n\n<p><a href=\"https:\/\/chatteriedelareine.fr\/index.php\/senregistrer\/\" data-type=\"page\" data-id=\"381\">s&rsquo;enregistrer<\/a><\/p>\n\n\n\n<p>\n","protected":false},"excerpt":{"rendered":"","protected":false},"author":1,"featured_media":0,"parent":0,"menu_order":0,"comment_status":"closed","ping_status":"closed","template":"","meta":{"footnotes":""},"class_list":["post-526","page","type-page","status-publish","hentry"],"_links":{"self":[{"href":"https:\/\/chatteriedelareine.fr\/index.php\/wp-json\/wp\/v2\/pages\/526","targetHints":{"allow":["GET"]}}],"collection":[{"href":"https:\/\/chatteriedelareine.fr\/index.php\/wp-json\/wp\/v2\/pages"}],"about":[{"href":"https:\/\/chatteriedelareine.fr\/index.php\/wp-json\/wp\/v2\/types\/page"}],"author":[{"embeddable":true,"href":"https:\/\/chatteriedelareine.fr\/index.php\/wp-json\/wp\/v2\/users\/1"}],"replies":[{"embeddable":true,"href":"https:\/\/chatteriedelareine.fr\/index.php\/wp-json\/wp\/v2\/comments?post=526"}],"version-history":[{"count":3,"href":"https:\/\/chatteriedelareine.fr\/index.php\/wp-json\/wp\/v2\/pages\/526\/revisions"}],"predecessor-version":[{"id":618,"href":"https:\/\/chatteriedelareine.fr\/index.php\/wp-json\/wp\/v2\/pages\/526\/revisions\/618"}],"wp:attachment":[{"href":"https:\/\/chatteriedelareine.fr\/index.php\/wp-json\/wp\/v2\/media?parent=526"}],"curies":[{"name":"wp","href":"https:\/\/api.w.org\/{rel}","templated":true}]}}