{"id":1499,"date":"2024-04-20T14:49:48","date_gmt":"2024-04-20T12:49:48","guid":{"rendered":"https:\/\/chatteriedelareine.fr\/?page_id=1499"},"modified":"2024-06-02T01:44:29","modified_gmt":"2024-06-01T23:44:29","slug":"winnie","status":"publish","type":"page","link":"https:\/\/chatteriedelareine.fr\/index.php\/winnie\/","title":{"rendered":"Winnie"},"content":{"rendered":"\n<p>Nous vous pr\u00e9sentons Winie (anciennement Viviane).<br>Elle est n\u00e9e le 9 avril 2024 du mariage entre Phili et Th\u00e9odora.<br>C&rsquo;est la plus dynamique et gourmande de sa port\u00e9e.<br>Elle est comme sa soeur Wendy (Vicky) blue mackerel tabby, mais ses rayures sont beaucoup plus marqu\u00e9es que sa soeur ce qui la rend l\u00e9g\u00e8rement plus claire.<\/p>\n\n\n\n<p><strong>Status: \nvendu<br><\/strong><\/p>\n\n\n\n<p><strong>Date de d\u00e9part pr\u00e9visionnelle: 20-30 juin<\/strong><\/p>\n\n\n\n<p>Voici sa premi\u00e8re vid\u00e9o o\u00f9 elle n&rsquo;avait pas encore ouvert les yeux \ud83d\ude42 et ses premi\u00e8res photos, les yeux ouverts, ou elle commence \u00e0 d\u00e9couvrir le monde<\/p>\n\n\n\n<figure class=\"wp-block-gallery has-nested-images columns-default is-cropped wp-block-gallery-1 is-layout-flex wp-block-gallery-is-layout-flex\">\n<figure class=\"wp-block-image size-large\"><a href=\"https:\/\/chatteriedelareine.fr\/wp-content\/uploads\/2024\/04\/711b9c58-ef2a-4ade-964e-c5d2ca5c1fad.jpg\"><img loading=\"lazy\" decoding=\"async\" width=\"768\" height=\"1024\" data-id=\"1582\" src=\"https:\/\/chatteriedelareine.fr\/wp-content\/uploads\/2024\/04\/711b9c58-ef2a-4ade-964e-c5d2ca5c1fad-768x1024.jpg\" alt=\"\" class=\"wp-image-1582\" srcset=\"https:\/\/chatteriedelareine.fr\/wp-content\/uploads\/2024\/04\/711b9c58-ef2a-4ade-964e-c5d2ca5c1fad-768x1024.jpg 768w, https:\/\/chatteriedelareine.fr\/wp-content\/uploads\/2024\/04\/711b9c58-ef2a-4ade-964e-c5d2ca5c1fad-225x300.jpg 225w, https:\/\/chatteriedelareine.fr\/wp-content\/uploads\/2024\/04\/711b9c58-ef2a-4ade-964e-c5d2ca5c1fad-1152x1536.jpg 1152w, https:\/\/chatteriedelareine.fr\/wp-content\/uploads\/2024\/04\/711b9c58-ef2a-4ade-964e-c5d2ca5c1fad.jpg 1200w\" sizes=\"auto, (max-width: 768px) 100vw, 768px\" \/><\/a><\/figure>\n\n\n\n<figure class=\"wp-block-image size-large\"><a href=\"https:\/\/chatteriedelareine.fr\/wp-content\/uploads\/2024\/04\/8721e150-1d85-4a76-96f0-4c11dc411c19.jpg\"><img loading=\"lazy\" decoding=\"async\" width=\"768\" height=\"1024\" data-id=\"1584\" src=\"https:\/\/chatteriedelareine.fr\/wp-content\/uploads\/2024\/04\/8721e150-1d85-4a76-96f0-4c11dc411c19-768x1024.jpg\" alt=\"\" class=\"wp-image-1584\" srcset=\"https:\/\/chatteriedelareine.fr\/wp-content\/uploads\/2024\/04\/8721e150-1d85-4a76-96f0-4c11dc411c19-768x1024.jpg 768w, https:\/\/chatteriedelareine.fr\/wp-content\/uploads\/2024\/04\/8721e150-1d85-4a76-96f0-4c11dc411c19-225x300.jpg 225w, https:\/\/chatteriedelareine.fr\/wp-content\/uploads\/2024\/04\/8721e150-1d85-4a76-96f0-4c11dc411c19-1152x1536.jpg 1152w, https:\/\/chatteriedelareine.fr\/wp-content\/uploads\/2024\/04\/8721e150-1d85-4a76-96f0-4c11dc411c19.jpg 1200w\" sizes=\"auto, (max-width: 768px) 100vw, 768px\" \/><\/a><\/figure>\n\n\n\n<figure class=\"wp-block-image size-large\"><a href=\"https:\/\/chatteriedelareine.fr\/wp-content\/uploads\/2024\/04\/d959936a-2523-4105-979e-c302dd88e2aa.jpg\"><img loading=\"lazy\" decoding=\"async\" width=\"768\" height=\"1024\" data-id=\"1587\" src=\"https:\/\/chatteriedelareine.fr\/wp-content\/uploads\/2024\/04\/d959936a-2523-4105-979e-c302dd88e2aa-768x1024.jpg\" alt=\"\" class=\"wp-image-1587\" srcset=\"https:\/\/chatteriedelareine.fr\/wp-content\/uploads\/2024\/04\/d959936a-2523-4105-979e-c302dd88e2aa-768x1024.jpg 768w, https:\/\/chatteriedelareine.fr\/wp-content\/uploads\/2024\/04\/d959936a-2523-4105-979e-c302dd88e2aa-225x300.jpg 225w, https:\/\/chatteriedelareine.fr\/wp-content\/uploads\/2024\/04\/d959936a-2523-4105-979e-c302dd88e2aa-1152x1536.jpg 1152w, https:\/\/chatteriedelareine.fr\/wp-content\/uploads\/2024\/04\/d959936a-2523-4105-979e-c302dd88e2aa.jpg 1200w\" sizes=\"auto, (max-width: 768px) 100vw, 768px\" \/><\/a><\/figure>\n\n\n\n<figure class=\"wp-block-image size-large\"><a href=\"https:\/\/chatteriedelareine.fr\/wp-content\/uploads\/2024\/04\/17290540-5e90-4414-a7a4-00b5974d4dc8.jpg\"><img loading=\"lazy\" decoding=\"async\" width=\"768\" height=\"1024\" data-id=\"1586\" src=\"https:\/\/chatteriedelareine.fr\/wp-content\/uploads\/2024\/04\/17290540-5e90-4414-a7a4-00b5974d4dc8-768x1024.jpg\" alt=\"\" class=\"wp-image-1586\" srcset=\"https:\/\/chatteriedelareine.fr\/wp-content\/uploads\/2024\/04\/17290540-5e90-4414-a7a4-00b5974d4dc8-768x1024.jpg 768w, https:\/\/chatteriedelareine.fr\/wp-content\/uploads\/2024\/04\/17290540-5e90-4414-a7a4-00b5974d4dc8-225x300.jpg 225w, https:\/\/chatteriedelareine.fr\/wp-content\/uploads\/2024\/04\/17290540-5e90-4414-a7a4-00b5974d4dc8-1152x1536.jpg 1152w, https:\/\/chatteriedelareine.fr\/wp-content\/uploads\/2024\/04\/17290540-5e90-4414-a7a4-00b5974d4dc8.jpg 1200w\" sizes=\"auto, (max-width: 768px) 100vw, 768px\" \/><\/a><\/figure>\n\n\n\n<figure class=\"wp-block-image size-large\"><a href=\"https:\/\/chatteriedelareine.fr\/wp-content\/uploads\/2024\/04\/87110034-b00c-40b5-89e6-1d2c628ce464.jpg\"><img loading=\"lazy\" decoding=\"async\" width=\"806\" height=\"1024\" data-id=\"1588\" src=\"https:\/\/chatteriedelareine.fr\/wp-content\/uploads\/2024\/04\/87110034-b00c-40b5-89e6-1d2c628ce464-806x1024.jpg\" alt=\"\" class=\"wp-image-1588\" srcset=\"https:\/\/chatteriedelareine.fr\/wp-content\/uploads\/2024\/04\/87110034-b00c-40b5-89e6-1d2c628ce464-806x1024.jpg 806w, https:\/\/chatteriedelareine.fr\/wp-content\/uploads\/2024\/04\/87110034-b00c-40b5-89e6-1d2c628ce464-236x300.jpg 236w, https:\/\/chatteriedelareine.fr\/wp-content\/uploads\/2024\/04\/87110034-b00c-40b5-89e6-1d2c628ce464-768x975.jpg 768w, https:\/\/chatteriedelareine.fr\/wp-content\/uploads\/2024\/04\/87110034-b00c-40b5-89e6-1d2c628ce464-1210x1536.jpg 1210w, https:\/\/chatteriedelareine.fr\/wp-content\/uploads\/2024\/04\/87110034-b00c-40b5-89e6-1d2c628ce464.jpg 1260w\" sizes=\"auto, (max-width: 806px) 100vw, 806px\" \/><\/a><\/figure>\n\n\n\n<figure class=\"wp-block-image size-large\"><a href=\"https:\/\/chatteriedelareine.fr\/wp-content\/uploads\/2024\/04\/cee259b0-7e97-4393-b663-796930fe6812.jpg\"><img loading=\"lazy\" decoding=\"async\" width=\"768\" height=\"1024\" data-id=\"1583\" src=\"https:\/\/chatteriedelareine.fr\/wp-content\/uploads\/2024\/04\/cee259b0-7e97-4393-b663-796930fe6812-768x1024.jpg\" alt=\"\" class=\"wp-image-1583\" srcset=\"https:\/\/chatteriedelareine.fr\/wp-content\/uploads\/2024\/04\/cee259b0-7e97-4393-b663-796930fe6812-768x1024.jpg 768w, https:\/\/chatteriedelareine.fr\/wp-content\/uploads\/2024\/04\/cee259b0-7e97-4393-b663-796930fe6812-225x300.jpg 225w, https:\/\/chatteriedelareine.fr\/wp-content\/uploads\/2024\/04\/cee259b0-7e97-4393-b663-796930fe6812-1152x1536.jpg 1152w, https:\/\/chatteriedelareine.fr\/wp-content\/uploads\/2024\/04\/cee259b0-7e97-4393-b663-796930fe6812.jpg 1200w\" sizes=\"auto, (max-width: 768px) 100vw, 768px\" \/><\/a><\/figure>\n<\/figure>\n\n\n\n<figure class=\"wp-block-video\"><video height=\"480\" style=\"aspect-ratio: 848 \/ 480;\" width=\"848\" controls src=\"https:\/\/chatteriedelareine.fr\/wp-content\/uploads\/2024\/04\/52cf6ddf-eed4-4d5b-8c3d-06fa72b56ea3.mp4\"><\/video><\/figure>\n","protected":false},"excerpt":{"rendered":"<p>Nous vous pr\u00e9sentons Winie (anciennement Viviane).Elle est n\u00e9e le 9 avril 2024 du mariage entre Phili et Th\u00e9odora.C&rsquo;est la plus dynamique et gourmande de sa port\u00e9e.Elle est comme sa soeur Wendy (Vicky) blue mackerel tabby, mais ses rayures sont beaucoup plus marqu\u00e9es que sa soeur ce qui la rend l\u00e9g\u00e8rement plus claire. Status: Date de d\u00e9part pr\u00e9visionnelle: 20-30 juin Voici sa premi\u00e8re vid\u00e9o o\u00f9 elle n&rsquo;avait pas encore ouvert les yeux \ud83d\ude42 et ses premi\u00e8res photos, les yeux ouverts, ou elle commence \u00e0 d\u00e9couvrir le monde<\/p>\n","protected":false},"author":1,"featured_media":0,"parent":0,"menu_order":0,"comment_status":"closed","ping_status":"closed","template":"","meta":{"footnotes":""},"class_list":["post-1499","page","type-page","status-publish","hentry"],"_links":{"self":[{"href":"https:\/\/chatteriedelareine.fr\/index.php\/wp-json\/wp\/v2\/pages\/1499","targetHints":{"allow":["GET"]}}],"collection":[{"href":"https:\/\/chatteriedelareine.fr\/index.php\/wp-json\/wp\/v2\/pages"}],"about":[{"href":"https:\/\/chatteriedelareine.fr\/index.php\/wp-json\/wp\/v2\/types\/page"}],"author":[{"embeddable":true,"href":"https:\/\/chatteriedelareine.fr\/index.php\/wp-json\/wp\/v2\/users\/1"}],"replies":[{"embeddable":true,"href":"https:\/\/chatteriedelareine.fr\/index.php\/wp-json\/wp\/v2\/comments?post=1499"}],"version-history":[{"count":5,"href":"https:\/\/chatteriedelareine.fr\/index.php\/wp-json\/wp\/v2\/pages\/1499\/revisions"}],"predecessor-version":[{"id":1925,"href":"https:\/\/chatteriedelareine.fr\/index.php\/wp-json\/wp\/v2\/pages\/1499\/revisions\/1925"}],"wp:attachment":[{"href":"https:\/\/chatteriedelareine.fr\/index.php\/wp-json\/wp\/v2\/media?parent=1499"}],"curies":[{"name":"wp","href":"https:\/\/api.w.org\/{rel}","templated":true}]}}